.
-3406
-110110110101 (base 2) to base 8
-6665
-9a8 (base 11) to base 8
-2267
What is 141024 (base 5) in base 3?
21220111
-11343 (base 5) to base 7
-2321
What is -3114 (base 16) in base 9?
-18210
Convert -4067 (base 14) to base 16.
-2b3b
Convert 210210 (base 4) to base 3.
10012200
1a62 (base 12) to base 7
12311
What is -2101000 (base 3) in base 5?
-23403
What is 1240 (base 7) in base 6?
2101
What is 3304342 (base 5) in base 6?
1115103
What is 15132 (base 7) in base 5?
113223
Convert 310 (base 14) to base 5.
4402
Convert 13995 (base 14) to base 8.
136637
-110003030 (base 4) to base 13
-2b4c3
Convert -28cd (base 14) to base 11.
-548a
-1011233 (base 5) to base 9
-24500
-30100 (base 4) to base 16
-310
Convert -20101 (base 4) to base 12.
-381
-6563 (base 9) to base 8
-11344
2004 (base 5) to base 13
167
Convert 30c (base 16) to base 9.
1056
Convert -40231 (base 5) to base 7.
-10324
351 (base 6) to base 11
117
What is -22e (base 16) in base 5?
-4213
63c8 (base 14) to base 9
25562
-20121013 (base 4) to base 15
-a2ba
What is 1243 (base 5) in base 16?
c6
Convert 1311a (base 11) to base 10.
18776
Convert 1100011011011 (base 2) to base 11.
4865
What is 2176 (base 8) in base 3?
1120121
What is 3063 (base 7) in base 9?
1423
-20020 (base 7) to base 4
-1023100
Convert 6887 (base 10) to base 11.
51a1
Convert -126 (base 10) to base 7.
-240
2f (base 16) to base 8
57
Convert -ec2 (base 15) to base 10.
-3332
-289 (base 12) to base 6
-1453
Convert -100001001011101 (base 2) to base 3.
-212022020
Convert 25c (base 14) to base 3.
122120
8ca (base 13) to base 11
1160
What is -8953 (base 12) in base 15?
-4773
What is 2a3 (base 12) in base 3?
120020
Convert bca (base 13) to base 7.
5622
What is -506a (base 12) in base 3?
-102222001
What is -12221 (base 4) in base 5?
-3200
Convert 1015 (base 8) to base 14.
297
What is 2a (base 11) in base 13?
26
3006 (base 8) to base 15
6cc
3acc (base 13) to base 9
12527
Convert -d69 (base 14) to base 15.
-bb1
Convert 1112111 (base 3) to base 2.
10001100000
What is a3 (base 15) in base 11?
12a
Convert -aa7 (base 15) to base 2.
-100101100111
What is -297 (base 11) in base 12?
-250
Convert -3f7 (base 16) to base 8.
-1767
What is 122652 (base 7) in base 5?
1211001
What is -1022 (base 4) in base 14?
-54
Convert 88ce (base 15) to base 9.
43685
a55 (base 15) to base 8
4432
Convert 6859 (base 11) to base 12.
5276
What is -986 (base 11) in base 7?
-3310
Convert -4144 (base 5) to base 6.
-2313
Convert -10020202 (base 3) to base 12.
-1455
Convert 493a (base 16) to base 12.
aa22
Convert 1e6 (base 15) to base 5.
3231
Convert 1548 (base 9) to base 14.
602
Convert 100110010101 (base 2) to base 11.
1930
-463 (base 11) to base 9
-674
Convert 562 (base 11) to base 13.
3ca
What is 1205a (base 12) in base 11?
17257
What is 48a (base 11) in base 13?
35a
What is 548 (base 10) in base 2?
1000100100
What is -101010000 (base 2) in base 8?
-520
Convert -467 (base 14) to base 16.
-36b
What is -615 (base 14) in base 16?
-4ab
What is 1214 (base 6) in base 10?
298
Convert 32c (base 15) to base 7.
2043
What is -24300 (base 5) in base 9?
-2447
Convert 14b (base 14) to base 10.
263
-2533 (base 13) to base 10
-5281
What is 32433 (base 5) in base 6?
14215
330 (base 12) to base 16
1d4
40867 (base 10) to base 12
1b797
What is -46210 (base 8) in base 9?
-28778
150555 (base 6) to base 16
3887
What is -43430 (base 9) in base 7?
-146625
Convert -414 (base 5) to base 15.
-74
-534 (base 10) to base 4
-20112
Convert -6761 (base 11) to base 13.
-4088
9906 (base 13) to base 3
1002012220
-11021 (base 4) to base 7
-650
What is -2121021 (base 4) in base 12?
-5809
Convert -892 (base 15) to base 6.
-12545
220111221 (base 3) to base 10
17872
1354 (base 6) to base 15
18d
523 (base 10) to base 9
641
Convert 47b (base 16) to base 5.
14042
What is -3e66 (base 15) in base 16?
-343b
Convert -11116 (base 7) to base 3.
-10211221
What is -76b (base 13) in base 4?
-103320
Convert -6652 (base 7) to base 10.
-2389
Convert -100020211 (base 3) to base 16.
-1a59
Convert -2112220 (base 3) to base 6.
-12340
Convert 10d26 (base 14) to base 8.
120046
2101101 (base 3) to base 9
2341
Convert 2157a (base 13) to base 11.
41307
What is 167a8 (base 13) in base 15?
cb5e
What is -4d0 (base 14) in base 4?
-33012
What is 353 (base 10) in base 4?
11201
Convert 8142 (base 9) to base 8.
13477
Convert -1001111100 (base 2) to base 5.
-10021
Convert 2071 (base 14) to base 9.
7587
-532 (base 15) to base 16
-494
-5ec4 (base 15) to base 5
-1121314
Convert c0 (base 15) to base 12.
130
What is -3b1 (base 12) in base 16?
-235
What is 567b (base 16) in base 12?
1098b
What is -1122320 (base 4) in base 15?
-1acb
What is a218 (base 13) in base 8?
53471
110001000100 (base 2) to base 10
3140
Convert -19aa1 (base 13) to base 15.
-ecda
What is 11001120 (base 3) in base 7?
11424
What is -57 (base 14) in base 11?
-70
Convert a40 (base 11) to base 2.
10011100110
Convert -2b9 (base 12) to base 9.
-526
Convert -11218 (base 9) to base 16.
-1d2d
Convert -11231131 (base 4) to base 16.
-5b5d
What is 22300 (base 7) in base 10?
5635
What is 3695 (base 11) in base 10?
4823
What is 1353b (base 12) in base 2?
110100000111111
What is 4b1 (base 16) in base 4?
102301
Convert eca1 (base 16) to base 7.
341416
37 (base 9) to base 16
22
What is 25880 (base 10) in base 7?
135311
-bc0 (base 13) to base 7
-5606
-11a1 (base 11) to base 2
-11000011011
-111101111010 (base 2) to base 14
-1630
What is 123252 (base 6) in base 5?
323440
What is -2796 (base 10) in base 2?
-101011101100
What is 183 (base 10) in base 2?
10110111
What is 13203233 (base 4) in base 15?
928e
Convert 1111001001100111 (base 2) to base 14.
18887
What is 3 (base 16) in base 11?
3
Convert 6776 (base 9) to base 12.
2a96
352440 (base 7) to base 6
1205120
Convert 67a4 (base 12) to base 13.
5308
What is -23321 (base 4) in base 11?
-632
What is 4514 (base 6) in base 11?
879
What is 815 (base 15) in base 16?
71c
What is 41342 (base 8) in base 4?
10023202
What is -5c1a (base 13) in base 15?
-3ce1
266 (base 10) to base 16
10a
-3de5 (base 16) to base 9
-23655
What is -24330 (base 6) in base 9?
-4820
-5339 (base 16) to base 5
-1140210
-5356 (base 8) to base 3
-10211122
Convert 31 (base 16) to base 14.
37
227 (base 10) to base 14
123
Convert 1991 (base 10) to base 4.
133013
-53198 (base 11) to base 5
-4434201
444 (base 8) to base 16
124
What is -132bc (base 13) in base 2?
-1000101100111101
880 (base 11) to base 13
633
What is -1381 (base 12) in base 7?
-6403
-4357 (base 9) to base 6
-22511
What is -915 (base 10) in base 15?
-410
-302132 (base 5) to base 2
-10010111000011
202111001 (base 3) to base 12
8784
What is -1523 (base 6) in base 4?
-12123
Convert -10a4 (base 11) to base 4.
-112211
Convert 1258 (base 10) to base 6.
5454
27451 (base 9) to base 16
48a3
Convert -93 (base 16) to base 13.
-b4
8540 (base 14) to base 3
1011112102
What is -24420 (base 10) in base 13?
-b166
10001000110111 (base 2) to base 3
110000102
Convert 10121110 (base 3) to base 10.
2631
Convert 20300 (base 5) to base 4.
110231
Convert -327f (base 16) to base 8.
-31177
Convert -9b96 (base 12) to base 8.
-41542
Convert -a008 (base 11) to base 10.
-13318
What is 1537 (base 12) in base 8?
4673
-111 (base 2) to base 11
-7
Convert 1b49 (base 14) to base 10.
4965
Convert 34212 (base 5) to base 4.
212000
b82 (base 12) to base 8
3222
What is -c9 (base 16) in base 6?
-533
Convert 2548 (base 10) to base 6.
15444
Convert 1302313 (base 4) to base 12.
4307
39a (base 13) to base 6
2534
What is 1121102 (base 3) in base 14?
5da
What is 24 (base 9) in base 6?
34
Convert 1010000000 (base 2) to base 4.
22000
What is -1101011100 (base 2) in base 9?
-1155
3814 (base 10) to base 2
111011100110
Convert -1231 (base 8) to base 11.
-555
Convert 3532 (base 10) to base 11.
2721
Convert 31000 (base 5) to base 15.
8d5
-830 (base 11) to base 5
-13001
What is 38 (base 11) in base 2?
101001
What is 135 (base 10) in base 12?
b3
Convert -1010001100110011 (base 2) to base 3.
-2010022101
What is -110100101001100 (base 2) in base 8?
-64514
What is 2033112 (base 4) in base 5?
243144
-272 (base 14) to base 5
-3432
-16d26 (base 14) to base 7
-326346
What is -136 (base 12) in base 10?
-186
-110000 (base 2) to base 11
-44
-426 (base 8) to base 16
-116
Convert 945 (base 11) t